e -2*k + 196 = 4*t + 10, -2*k = -14. Let j(c) = -c**2 + 9*c - 9. What is the remainder when t is divided by j(4)?
10
Let a(v) = v**3 - 9*v**2 - 5*v - 22. Let j be a(10). Suppose j*y = 30*y - 398. Calculate the remainder when y is divided by 50.
49
Let z(m) = 38 - 8 - 15*m + 8*m + 8*m. Let v be z(21). Suppose v*s - 44*s - 1414 = 0. Calculate the remainder when s is divided by 51.
49
Suppose 5*c + v - 124 = -12, -v = 3. Let b = 161 + -157. Calculate the remainder when 6/(-8) + 263/b is divided by c.
19
Suppose -935*a + 932*a = -9069. Calculate the remainder when a is divided by 11.
9
Let f be ((-3 - -1)*98)/((-12)/(-24)). Let y = -353 - f. Calculate the remainder when 111 is divided by y.
33
Let t = 26 - 2. Suppose 2*g + t = 14. Let y = g - -11. Calculate the remainder when 13 is divided by y.
1
Let j = -14 - -16. Let y = j - -5. What is the remainder when -2 - (-4)/(4/29) is divided by y?
6
Let f(g) = g + 20. Let v be f(-18). Let y be v + 96 + -3 + 3. Suppose -132 = -3*b - 3*p, 2*b + 2*p - y = 5*p. What is the remainder when b is divided by 7?
4
Suppose -10*n = -17*n - 546. Let s = 136 + n. Calculate the remainder when 172 is divided by s.
56
Suppose -7*q - 6 + 41 = 0. Suppose 4*g - 26 = -0*z - q*z, 0 = -3*z - 4*g + 14. Let h = 113 - z. Calculate the remainder when h is divided by 22.
19
Suppose 9*u = -1737 + 1917. What is the remainder when 496 is divided by u?
16
Let c(l) = -l**2 + 11*l + 16. Let g(x) = x**2 - x + 7. What is the remainder when c(5) is divided by g(0)?
4
Suppose 111225 = 30*i - 43980 - 41445. What is the remainder when i is divided by 149?
148
Let a = -17309 + 17386. Calculate the remainder when 1843 is divided by a.
72
Let h = -959 + 1430. Suppose 26*l = 153 + h. What is the remainder when 86 is divided by l?
14
Let a(c) = -684*c - 7993. What is the remainder when 598 is divided by a(-12)?
168
Let i be -2*(1 + -2) + (26 - 27). Let w be i*-3 + -2 + -6. What is the remainder when (35 - w) + -3 + 2/1 is divided by 23?
22
Suppose 0 = -r + 5*v + 936, 5*r - 324*v - 4904 = -327*v. What is the remainder when r is divided by 5?
1
Suppose 2*q + 4*g - 1090 = 0, -14*q - 2*g = -12*q - 1078. What is the remainder when q is divided by 70?
43
Let x(d) = -47*d**2 - 18*d - 17. Let u be x(-1). Let f = u + 62. Let t(n) = -n**3 + 4*n**2 + 6*n + 6. Calculate the remainder when t(-4) is divided by f.
14
Let d(z) = -z + 6. Let m be d(8). Let x(r) = -43*r**2 - 1890*r + 100. Calculate the remainder when (-50)/3*3/m is divided by x(-44).
1
Suppose 1555*q - 1575*q = -840. What is the remainder when 71 is divided by q?
29
Let x(w) = 117*w. Let n(m) = -19*m**2 + 422*m - 86. What is the remainder when x(1) is divided by n(22)?
1
Let n(u) = u. Let t = 54 - 53. Let z(w) = w**2 - 2*w - 4. Let c(r) = t*z(r) + 6*n(r). Calculate the remainder when 9 is divided by c(-6).
1
Suppose -f = 6, 5*f = -27*y + 23*y + 3450. Calculate the remainder when y is divided by 19.
15
Let s = 9626 + -9465. What is the remainder when 210 is divided by s?
49
Let b(h) = 56 + 13*h - 56. Let s(o) = o**3 - 6*o**2 + 6*o + 31. Calculate the remainder when s(4) is divided by b(1).
10
Calculate the remainder when 6736 is divided by (-1)/(294/(-280) - -1).
16
Let r(t) = -t**3 + 3*t**2 + 12*t - 5. Let m be r(5). Suppose 4*q - 5*j = 232, 0 = m*j - 2*j. Calculate the remainder when q is divided by 15.
13
Suppose 1 = 8*z + 1. Suppose 10*p - 104 - 96 = z. Calculate the remainder when 52 is divided by p.
12
Suppose 0 = -3*k - 3*n + 270, -2*k - 4*n + 179 = 3. Let g(b) = -54*b - 522. Let r be g(-9). Let x = r + k. What is the remainder when x is divided by 19?
18
Let x(j) = -13*j + 25. Let q(a) = 13*a - 27. Let n(p) = -5*q(p) - 6*x(p). What is the remainder when n(4) is divided by 28?
9
Calculate the remainder when (416/1456)/(2/1834) is divided by 84.
10
Let k(q) = 3*q**2 - 10*q + 4. Let r be k(3). Calculate the remainder when (-3)/(1*3/(-30)) is divided by (2*r)/((-14)/(-77)).
8
Calculate the remainder when 12605 is divided by (-38)/95 + -1 + (-674)/(-10).
65
Suppose -13*b = -3534 + 2676. Calculate the remainder when 920 is divided by b.
62
Let t = 168552 - 168543. Suppose 0 = -4*x - 113 + 333. Calculate the remainder when x is divided by t.
1
Suppose -3*b - 2*i + 26 + 13 = 0, 4*i - 39 = -3*b. Let w = -3653 + 3678. What is the remainder when w is divided by b?
12
Let x(p) = 3*p**2 + 6*p + 12. Calculate the remainder when 587 is divided by x(-2).
11
Suppose -688 = -92*b + 1336. Calculate the remainder when 2879 is divided by b.
19
Suppose -3*c = b + 4*b - 31, -3*b + 23 = 4*c. Let v = b + 1. Calculate the remainder when (-5*2)/(48/(-96)) is divided by v.
2
Let c = -30 + 18. Suppose 3*f - 73 = 89. Calculate the remainder when f is divided by 8 + (0 - (-2)/(c/(-18))).
10
Let w = 11156 - 8368. Calculate the remainder when w is divided by 919.
31
Let g = 159 + -94. Let o = g + -60. Suppose -5*v + 87 = 3*l, 5*l - 160 + 5 = -5*v. What is the remainder when l is divided by o?
4
Calculate the remainder when 200 is divided by (-9 - (-1450)/90)*18.
72
Let m(j) = j**2 - 27*j - 3. Suppose -5*v - 8*x = -12*x - 147, -2*x + 21 = v. Let b be m(v). What is the remainder when b*(-2648)/180 + (-2)/15 is divided by 5?
4
Let j(p) = -2*p**3 - 10*p**2 - 22*p - 456. Calculate the remainder when j(-14) is divided by 89.
87
Let i = -488 + 392. Calculate the remainder when 76 is divided by 17/((-136)/i)*(-20)/(-6).
36
Let c(j) = 1 - 15 + 12*j**2 - 33*j**3 - 29*j + 18*j**3 + 14*j**3. Let b(f) = 6*f - 12. Calculate the remainder when b(5) is divided by c(8).
8
Suppose j - 525 = 4*i, -2083 = 11*j - 15*j - i. What is the remainder when j is divided by 58?
57
Let l = -73 + 157. Let n = 104 - l. Suppose 4*w + 114 = 6*w. Calculate the remainder when w is divided by n.
17
Let w = 27 - -11. Let h be (-81)/54*(-76)/(-3). Let x = -25 - h. Calculate the remainder when w is divided by x.
12
Let b(m) = -m**3 - 3*m**2 + m - 8. Let t = 78 - 82. Let x be b(t). Calculate the remainder when 3*(x - 3/1) is divided by 1.
0
Suppose 42*b - 39*b = -3*o + 132, 127 = 3*b + 2*o. What is the remainder when 1025 is divided by b?
11
Let b(w) = w**2 - 6*w + 278. Calculate the remainder when b(22) is divided by 59.
40
Suppose -24*h - 935 = -71. Calculate the remainder when (-48)/h*189/6 is divided by 12.
6
Let x(q) = 274*q - 3170. What is the remainder when 918 is divided by x(12)?
92
Suppose -5*a - 90 = -3*t, -4*t + a + 68 = -18. What is the remainder when 976 is divided by t?
16
Suppose -7*t - 6 = -6. Suppose -5*l - r = -54, t = l + 2*r - 0 - 18. Let w = l + 20. What is the remainder when w is divided by 12?
6
Suppose -2*v - 1668 = -5*y, y + 2*v - 348 = -0*y. What is the remainder when y is divided by 111?
3
Let k = -1641 + 1788. What is the remainder when k is divided by 43?
18
Suppose 26*v - 25*v = -5*k + 37, -k - 22 = -4*v. Calculate the remainder when 14417 is divided by v.
4
Let k(r) = -r**3 - 11*r**2 + 48*r + 456. What is the remainder when k(-13) is divided by 56?
2
Suppose -3*o - 6 = -3, 0 = -4*l + o - 2335. Let h = l - -720. Calculate the remainder when h is divided by 5.
1
Suppose -1805 = -36*b + 2443. Suppose -2*y + 5*k + 64 = 0, 9*y + 2*k + b = 12*y. Calculate the remainder when 138 is divided by y.
12
Suppose 18 = -5*p - b, -18 = -2*p + 3*p + 5*b. Let h = 7 + 18. Calculate the remainder when p/1*1*592/(-24) is divided by h.
24
Let k(h) = -2*h**2 + 26*h - 2. What is the remainder when ((-3 - -2)*-562)/2 is divided by k(10)?
49
Let b(r) = -5*r**3 + 3*r**2 - 2*r + 1. Let v be b(-2). What is the remainder when (-16065)/(-95) + -6 + (-6)/v is divided by 34?
27
Let t = 20351 - 19972. What is the remainder when 419 is divided by t?
40
Let a = 936 + -853. Suppose -31 = -2*c - k + a, -2*c + 3*k = -114. What is the remainder when c is divided by 20?
17
Let r(c) = 8*c**2 - 102*c + 685. Calculate the remainder when r(6) is divided by 183.
178
Let a = 108 + -22. Let t(r) = 37*r**2 + 883*r - 2639. What is the remainder when t(3) is divided by a?
85
Let d = -81 + 132. Suppose 2*m + 96 = -2*w, -4 = -4*m + 4. Let j = -32 - w. What is the remainder when d is divided by j?
15
Let t be (-30)/9*(-3)/2. Suppose -t*k + 79 + 86 = 0. Suppose -5*m = -z + 140, -3*z + 359 + 41 = -5*m. What is the remainder when z is divided by k?
31
Let j(i) = 3*i**2 - 7*i + 18. Let